.
27
Calculate the highest common factor of 3324 and 2580.
12
What is the highest common factor of 108 and 9252?
36
Calculate the highest common factor of 31 and 4737451.
31
Calculate the greatest common divisor of 520 and 19955.
65
Calculate the greatest common factor of 962 and 2025676.
74
What is the highest common divisor of 1194425 and 50?
25
What is the greatest common divisor of 133 and 68609?
19
What is the greatest common divisor of 20383 and 88?
11
What is the highest common factor of 83176 and 728?
8
What is the highest common divisor of 8 and 10072?
8
What is the highest common divisor of 24 and 19842?
6
What is the highest common divisor of 96 and 135048?
24
What is the highest common factor of 108 and 468?
36
Calculate the highest common factor of 6230 and 280.
70
What is the greatest common divisor of 1746 and 42680?
194
What is the greatest common factor of 6085 and 255?
5
Calculate the highest common factor of 256 and 134528.
128
Calculate the highest common factor of 1332 and 2268.
36
Calculate the greatest common divisor of 50 and 36130.
10
Calculate the greatest common divisor of 59352 and 24.
24
Calculate the highest common factor of 15254 and 812.
58
Calculate the greatest common divisor of 2527 and 10906.
133
What is the greatest common factor of 14 and 3208?
2
Calculate the greatest common divisor of 2139 and 155.
31
Calculate the greatest common divisor of 2071084 and 4265.
853
Calculate the greatest common divisor of 173 and 418141.
173
Calculate the highest common factor of 53260 and 20.
20
Calculate the highest common divisor of 79 and 41317.
79
Calculate the highest common factor of 115 and 26465.
5
Calculate the highest common factor of 13 and 11089.
13
Calculate the highest common divisor of 33184 and 61.
61
Calculate the highest common factor of 10656 and 81.
9
Calculate the greatest common divisor of 542 and 988.
2
What is the greatest common divisor of 1664 and 54304?
32
What is the greatest common divisor of 450 and 1296?
18
What is the greatest common factor of 97757 and 44?
11
Calculate the highest common factor of 26154 and 144.
18
What is the highest common factor of 2639293 and 164?
41
What is the highest common divisor of 9367 and 17?
17
What is the highest common factor of 1526 and 56?
14
Calculate the greatest common divisor of 1090069 and 1661.
151
Calculate the greatest common divisor of 7191 and 1160947.
799
What is the highest common divisor of 741 and 646?
19
What is the highest common divisor of 240 and 3646360?
40
Calculate the greatest common divisor of 100 and 1772.
4
What is the greatest common factor of 36669 and 234394?
719
Calculate the highest common factor of 63 and 28998.
9
Calculate the highest common factor of 12 and 17872.
4
What is the highest common factor of 35688 and 112?
8
Calculate the greatest common factor of 99 and 37578.
3
Calculate the highest common divisor of 2723 and 889.
7
What is the greatest common factor of 143356 and 12?
4
What is the greatest common divisor of 47 and 381499?
47
Calculate the highest common divisor of 109848 and 138.
138
Calculate the greatest common factor of 41992 and 2353.
181
What is the greatest common divisor of 11 and 29768?
1
What is the greatest common divisor of 4958158 and 86?
86
What is the greatest common divisor of 360485 and 340?
85
Calculate the highest common divisor of 1025948 and 2464.
308
What is the greatest common divisor of 5540736 and 752?
752
Calculate the highest common divisor of 128759 and 778.
389
Calculate the highest common divisor of 454 and 339138.
454
Calculate the highest common factor of 63 and 240156.
63
What is the highest common divisor of 154 and 45518?
22
What is the greatest common divisor of 4956 and 1680?
84
Calculate the highest common factor of 449793 and 972.
243
What is the greatest common factor of 57539 and 2119?
163
Calculate the greatest common divisor of 75132 and 612.
36
What is the highest common divisor of 54531 and 73?
73
Calculate the highest common factor of 1 and 8964.
1
Calculate the greatest common factor of 42297 and 621.
69
Calculate the greatest common divisor of 13 and 17849.
13
What is the greatest common factor of 1164 and 557168?
388
Calculate the greatest common factor of 2882 and 16.
2
What is the highest common factor of 222 and 2280606?
222
What is the highest common divisor of 320 and 240952?
8
What is the highest common factor of 299 and 137618?
13
Calculate the highest common divisor of 51 and 22508.
17
What is the highest common divisor of 33 and 88407?
33
What is the highest common divisor of 6 and 596?
2
Calculate the greatest common factor of 157236 and 48.
12
Calculate the greatest common factor of 1424345 and 260.
65
What is the highest common divisor of 24164 and 164?
4
Calculate the greatest common factor of 21230 and 110.
110
What is the highest common divisor of 4849 and 2?
1
What is the highest common divisor of 40108 and 72?
4
Calculate the highest common divisor of 54549 and 418.
209
What is the highest common divisor of 416 and 887952?
208
What is the greatest common factor of 1258658 and 58?
58
Calculate the highest common divisor of 155 and 133145.
155
Calculate the highest common factor of 8 and 419168.
8
What is the greatest common divisor of 8822 and 924?
22
Calculate the greatest common factor of 4311 and 1440.
9
What is the greatest common divisor of 246 and 21771?
123
Calculate the greatest common divisor of 656 and 19.
1
Calculate the highest common divisor of 152192 and 410.
82
What is the highest common divisor of 2637 and 10719?
9
Calculate the highest common divisor of 5095368 and 144.
72
What is the highest common factor of 34950 and 18300?
150
Calculate the greatest common factor of 14 and 10134082.
14
What is the highest common divisor of 22 and 3443539?
11
What is the greatest common factor of 1194939 and 81?
27
Calculate the highest common divisor of 9529 and 360636.
733
What is the greatest common divisor of 456 and 158?
2
Calculate the greatest common factor of 1965 and 916345.
655
Calculate the greatest common factor of 1181870 and 1460.
730
What is the greatest common divisor of 151 and 157493?
151
Calculate the greatest common divisor of 1016 and 104.
8
Calculate the highest common factor of 21130 and 100.
10
What is the greatest common divisor of 95 and 28025?
95
Calculate the highest common factor of 644 and 18216.
92
What is the highest common factor of 18408 and 2496?
312
Calculate the greatest common factor of 54 and 2109078.
54
Calculate the highest common factor of 2825 and 46895.
565
Calculate the greatest common factor of 66 and 230703.
33
What is the highest common factor of 13312 and 258336?
416
What is the highest common factor of 38 and 448438?
38
Calculate the highest common divisor of 22 and 71.
1
What is the highest common factor of 27 and 45675?
9
Calculate the greatest common divisor of 520 and 16224.
104
What is the highest common divisor of 7938 and 81?
81
Calculate the greatest common factor of 60 and 30920.
20
Calculate the greatest common factor of 52 and 446342.
26
Calculate the greatest common factor of 287187 and 174.
87
What is the greatest common factor of 266555 and 3560?
445
What is the greatest common divisor of 2308 and 388898?
1154
Calculate the greatest common factor of 838995 and 135.
15
Calculate the greatest common divisor of 26 and 148122.
26
Calculate the greatest common factor of 134325 and 1125.
225
What is the highest common divisor of 103984 and 102912?
1072
Calculate the highest common divisor of 2304 and 81.
9
What is the highest common divisor of 970 and 288478?
194
What is the greatest common factor of 132 and 478610?
22
Calculate the greatest common factor of 1063563 and 705.
141
Calculate the highest common divisor of 15582 and 42924.
294
Calculate the highest common factor of 44 and 311498.
22
What is the greatest common factor of 439970 and 110?
10
What is the highest common divisor of 96 and 45856?
32
What is the greatest common factor of 455 and 4515?
35
Calculate the highest common divisor of 6523 and 11.
11
Calculate the greatest common divisor of 8262 and 675540.
486
Calculate the greatest common factor of 24 and 7579272.
24
Calculate the greatest common factor of 436293 and 7